what is -14990 - 5?
-14995
In base 14, what is 9 + 317?
322
In base 8, what is 3 + -15?
-12
In base 16, what is 7 - -a2?
a9
In base 5, what is -42 - -2?
-40
In base 3, what is -22200012 + 2?
-22200010
In base 15, what is 15ad + -4?
15a9
In base 2, what is -10000 + -100?
-10100
In base 6, what is 4 - -3?
11
In base 2, what is 1001010001010 + 10?
1001010001100
In base 3, what is 20 + -121221?
-121201
In base 7, what is 0 - -25?
25
In base 3, what is 0 - -200?
200
In base 14, what is -2 + c2b?
c29
In base 4, what is -112311 - 0?
-112311
In base 15, what is 5 + 41?
46
In base 8, what is 2 + -1125?
-1123
In base 14, what is -5 - -25?
20
In base 2, what is -11100101 + -101000?
-100001101
In base 13, what is 7 - 1?
6
In base 3, what is 221 - 11?
210
In base 2, what is 11001 - -10010?
101011
In base 9, what is -14 + -14?
-28
In base 15, what is -5 - -c7?
c2
In base 8, what is -4 + 217?
213
In base 16, what is -b - 7?
-12
In base 2, what is -10 - -100001111?
100001101
In base 7, what is 353 - 206?
144
In base 4, what is -132011 + -1?
-132012
In base 5, what is -2 - -4?
2
In base 3, what is -22210 - 12?
-22222
In base 7, what is 4 - -361?
365
In base 12, what is 118 - -3?
11b
In base 14, what is 9b + 29?
c6
In base 4, what is 33 - 1113?
-1020
In base 16, what is 132 - -1?
133
In base 13, what is 281 - -5?
286
In base 8, what is 1100 + 7?
1107
In base 7, what is 133 + 2?
135
In base 7, what is 1115 - -24?
1142
In base 7, what is -40 + 4?
-33
In base 3, what is -1012210 - -10?
-1012200
In base 4, what is 123 + -10?
113
In base 4, what is 2 + -222?
-220
In base 10, what is -4 + 2492?
2488
In base 14, what is -13 + -47d?
-492
In base 5, what is 0 - -103023?
103023
In base 12, what is 62 - -3?
65
In base 8, what is 5 + 164?
171
In base 8, what is -377 - 2?
-401
In base 9, what is -3 + 42?
38
In base 8, what is -104 - 36?
-142
In base 8, what is 1306 - -55?
1363
In base 13, what is -1 + 426?
425
In base 3, what is -12100 - -101?
-11222
In base 4, what is 0 + -12300?
-12300
In base 7, what is -506 - 2?
-511
In base 8, what is 230 - -76?
326
In base 7, what is 15 + -62?
-44
In base 11, what is 1 - -294?
295
In base 8, what is 277 - 1?
276
In base 15, what is -2 + 9a?
98
In base 4, what is 13020 + 10?
13030
In base 4, what is 1031 + 2?
1033
In base 6, what is -154 - 0?
-154
In base 14, what is 66 + -1?
65
In base 15, what is -8 + -8?
-11
In base 11, what is -157 + -1?
-158
In base 8, what is 6 + -2040?
-2032
In base 3, what is 12 + -112010?
-111221
In base 10, what is -2 + 12?
10
In base 16, what is -2 + 5e?
5c
In base 9, what is -8 + 4?
-4
In base 10, what is -4343 + 1?
-4342
In base 15, what is 4 + -70?
-6b
In base 6, what is 13213 - -2?
13215
In base 9, what is -100 + -3?
-103
In base 3, what is 10002202 - 1?
10002201
In base 7, what is 10633 + 3?
10636
In base 14, what is c - 4?
8
In base 14, what is 5 + 949?
950
In base 13, what is -3 - -60?
5a
In base 5, what is 403 - -2?
410
In base 14, what is -4 - -32?
2c
In base 9, what is 7 + 21?
28
In base 10, what is -15 - -11?
-4
In base 16, what is 14 + b?
1f
In base 9, what is -11 + -18?
-30
In base 4, what is 1 + -3?
-2
In base 12, what is -1241 - -4?
-1239
In base 6, what is -34 + -2135?
-2213
In base 3, what is -11 - 10010?
-10021
In base 14, what is 4 + -10ca?
-10c6
In base 14, what is -5 - 77?
-7c
In base 16, what is -54 - 18?
-6c
In base 6, what is -1 + 54?
53
In base 6, what is -5051 - 20?
-5111
In base 4, what is 133131 - 1?
133130
In base 16, what is -4 + 46b?
467
In base 13, what is 2 - 1ac?
-1aa
In base 9, what is -5 + 252?
246
In base 7, what is -33 - 3?
-36
In base 15, what is 37 + 0?
37
In base 14, what is 19 - -8?
23
In base 9, what is 1 - 111?
-110
In base 4, what is -112233 + -11?
-112310
In base 2, what is 100 - 100101?
-100001
In base 3, what is 22202 + 2?
22211
In base 3, what is 211222 - -210?
212202
In base 6, what is -10 + 4?
-2
In base 11, what is 481 - 0?
481
In base 5, what is -141 + -33?
-224
In base 9, what is 16 - 27?
-11
In base 7, what is 165 + -4?
161
In base 8, what is -3 - -6320?
6315
In base 10, what is 2 - -216?
218
In base 4, what is 12013 - 30?
11323
In base 14, what is -489 - 1?
-48a
In base 6, what is -133 + -1?
-134
In base 5, what is -34004 + -1?
-34010
In base 8, what is 7 - -156?
165
In base 7, what is 41 - -3?
44
In base 13, what is 97 + -1a?
7a
In base 9, what is -4 - 110?
-114
In base 7, what is -200 - -4?
-163
In base 10, what is 41 - 133?
-92
In base 8, what is 0 - -101?
101
In base 15, what is -3 + -4d?
-51
In base 6, what is 0 - 22?
-22
In base 11, what is -14 - 184?
-198
In base 6, what is -1 - -5254?
5253
In base 16, what is 159 + -1?
158
In base 15, what is -3 + 69?
66
In base 13, what is 73 + -4?
6c
In base 5, what is 1 - 1024?
-1023
In base 11, what is 62 + -3?
5a
In base 5, what is 1131110 + 10?
1131120
In base 14, what is -41c + -13?
-431
In base 13, what is 8 + 4?
c
In base 8, what is 23 - -14?
37
In base 13, what is 4 + -1a?
-16
In base 6, what is -345 + 3?
-342
In base 12, what is 470 - 3?
469
In base 7, what is 4 + -105?
-101
In base 16, what is 9 - 27?
-1e
In base 8, what is -1 - 722?
-723
In base 15, what is -e + 75e?
750
In base 15, what is -4 + -6?
-a
In base 13, what is 108 + -2?
106
In base 9, what is -5 + -41?
-46
In base 15, what is -5e + 2?
-5c
In base 10, what is 565 - -10?
575
In base 8, what is 11 + -133?
-122
In base 4, what is 11 + 220?
231
In base 10, what is 802 - -22?
824
In base 2, what is 10101101000 + -100?
10101100100
In base 11, what is 4 - 3433?
-342a
In base 5, what is -1120 - -1?
-1114
In base 12, what is 874 - -1?
875
In base 12, what is -554b - -2?
-5549
In base 7, what is -3534 + -4?
-3541
In base 14, what is 7 - 2?
5
In base 7, what is 2 + -1452?
-1450
In base 6, what is 4 + 5133?
5141
In base 14, what is 5 - -cb3?
cb8
In base 11, what is -213 - 2?
-215
In base 12, what is -352 + 0?
-352
In base 12, what is 4 - -1245?
1249
In base 7, what is 423 + -4?
416
In base 12, what is 10 - 8?
4
In base 14, what is 2 + 56?
58
In base 11, what is -189 + 9?
-180
In base 6, what is -13100 + 4?
-13052
In base 11, what is 5a9 + -2?
5a7
In base 12, what is 3 + -b21?
-b1a
In base 12, what is 54 + 1?
55
In base 15, what is -14 + -22?
-36
In base 10, what is 7 - -286?
293
In base 3, what is 10 + 20?
100
In base 9, what is 41 + -7?
33
In base 8, what is -1 - -730?
727
In base 14, what is -837 + -3?
-83a
In base 16, what is -39 + -e4?
-11d
In base 5, what is 20 - -40?
110
In base 4, what is 111 - -201?
312
In base 2, what is -1 + -10010?
-10011
In base 9, what is -241 + 2?
-238
In base 4, what is 11321 + -21?
11300
In base 7, what is -316 - 2?
-321
In base 8, what is 135520 - -5?
135525
In base 8, what is 13 - -1102?
1115
In base 12, what is 51 + 3?
54
In base 7, what is 562 - -3?
565
In base 13, what is -a3 - 8?
-ab
In base 13, what is 5 + c1?
c6
In base 10, what is 4 - 33?
-29
In base 16, what is -4 + -380?
-384
In base 6, what is 3 - -43?
50
In base 12, what is -34 + -11?
-45
In base 4, what is 32 + 11?
103
In base 8, what is -73 - 3?
-76
In base 2, what is 10 + 1111110101?
1111110111
In base 12, what is -637 - 3?
-63a
In base 3, what is 21 + -1002?
-211
In base 14, what is -3 + 5b?
58
In base 11, what is 75 - -7?
81
In base 5, what is 143 - 1?
142
In base 11, what is 0 - 51?
-51
In base 14, what is 5d - -a?
69
In base 2, what is -100 - 11?
-111
In base 3, what is 200100 - 2?
200021
In base 2, what is -100 + -1100100?
-1101000
In base 3, what is -10 - 1001?
-1011
In base 8, what is 5 - -444?
451
In base 16, what is ee + 6?
f4
In base 14, what is 2 - 102?
-100
In base 13, what is 0 + -416?
-416
In base 4, what is 3113312 - 2?
3113310
In base 10, what is 380 - 4?
376
In base 9, what is -25 - 2?
-27
In base 2, what is 10 - -1000100?
1000110
In base 12, what is -248 - -4?
-244
In base 8, what is 2 - -241?
243
In base 5, what is -121040 - 4?
-121044
In base 12, what is 0 + 3?
3
In base 3, what is 101 - 102?
-1
In base 3, what is 10011121 + 11?
10011202
In base 13, what is -a8 + -21?
-c9
In base 16, what is 845 - 4?
841
In base 11, what is 5 - 96?
-91
In base 4, what is 13 - -113031?
113110
In base 13, what is -3 + -37?
-3a
In base 2, what is -1100111100 + -100?
-1101000000
In base 8, what is -772 - 0?
-772
In base 15, what is b + -a?
1
In bas